[INFO] cloning repository https://github.com/apkipa/ifeo_bypass
[INFO] running `Command { std: "git" "-c" "credential.helper=" "-c" "credential.helper=/workspace/cargo-home/bin/git-credential-null" "clone" "--bare" "https://github.com/apkipa/ifeo_bypass" "/workspace/cache/git-repos/https%3A%2F%2Fgithub.com%2Fapkipa%2Fifeo_bypass", kill_on_drop: false }`
[INFO] [stderr] Cloning into bare repository '/workspace/cache/git-repos/https%3A%2F%2Fgithub.com%2Fapkipa%2Fifeo_bypass'...
[INFO] running `Command { std: "git" "rev-parse" "HEAD", kill_on_drop: false }`
[INFO] [stdout] 7cdb55971f80bd47cc383cceb8976a7f9e5d649d
[INFO] checking apkipa/ifeo_bypass against master#af3c6e733a40e671550e0f0f5aeecaa13772ba56 for pr-74989
[INFO] running `Command { std: "git" "clone" "/workspace/cache/git-repos/https%3A%2F%2Fgithub.com%2Fapkipa%2Fifeo_bypass" "/workspace/builds/worker-7/source", kill_on_drop: false }`
[INFO] [stderr] Cloning into '/workspace/builds/worker-7/source'...
[INFO] [stderr] done.
[INFO] validating manifest of git repo https://github.com/apkipa/ifeo_bypass on toolchain af3c6e733a40e671550e0f0f5aeecaa13772ba56
[INFO] running `Command { std: "/workspace/cargo-home/bin/cargo" "+af3c6e733a40e671550e0f0f5aeecaa13772ba56" "read-manifest" "--manifest-path" "Cargo.toml", kill_on_drop: false }`
[INFO] started tweaking git repo https://github.com/apkipa/ifeo_bypass
[INFO] finished tweaking git repo https://github.com/apkipa/ifeo_bypass
[INFO] tweaked toml for git repo https://github.com/apkipa/ifeo_bypass written to /workspace/builds/worker-7/source/Cargo.toml
[INFO] crate git repo https://github.com/apkipa/ifeo_bypass already has a lockfile, it will not be regenerated
[INFO] running `Command { std: "/workspace/cargo-home/bin/cargo" "+af3c6e733a40e671550e0f0f5aeecaa13772ba56" "fetch" "--locked" "--manifest-path" "Cargo.toml", kill_on_drop: false }`
[INFO] running `Command { std: "docker" "create" "-v" "/var/lib/crater-agent-workspace/builds/worker-7/target:/opt/rustwide/target:rw,Z" "-v" "/var/lib/crater-agent-workspace/builds/worker-7/source:/opt/rustwide/workdir:ro,Z" "-v" "/var/lib/crater-agent-workspace/cargo-home:/opt/rustwide/cargo-home:ro,Z" "-v" "/var/lib/crater-agent-workspace/rustup-home:/opt/rustwide/rustup-home:ro,Z" "-e" "SOURCE_DIR=/opt/rustwide/workdir" "-e" "CARGO_TARGET_DIR=/opt/rustwide/target" "-e" "CARGO_HOME=/opt/rustwide/cargo-home" "-e" "RUSTUP_HOME=/opt/rustwide/rustup-home" "-w" "/opt/rustwide/workdir" "-m" "1610612736" "--user" "0:0" "--network" "none" "rustops/crates-build-env@sha256:d92eaeed33fa75130ca1ee6c8a01d1ffb62bac859dfdfb3450e3e5d1c0146529" "/opt/rustwide/cargo-home/bin/cargo" "+af3c6e733a40e671550e0f0f5aeecaa13772ba56" "metadata" "--no-deps" "--format-version=1", kill_on_drop: false }`
[INFO] [stdout] 7e8b5015f3724eeaeab71607fccc7be8a18f199b388f15f7ceb8cc7eee4f1ca6
[INFO] [stderr] WARNING: Your kernel does not support swap limit capabilities or the cgroup is not mounted. Memory limited without swap.
[INFO] running `Command { std: "docker" "start" "-a" "7e8b5015f3724eeaeab71607fccc7be8a18f199b388f15f7ceb8cc7eee4f1ca6", kill_on_drop: false }`
[INFO] running `Command { std: "docker" "inspect" "7e8b5015f3724eeaeab71607fccc7be8a18f199b388f15f7ceb8cc7eee4f1ca6", kill_on_drop: false }`
[INFO] running `Command { std: "docker" "rm" "-f" "7e8b5015f3724eeaeab71607fccc7be8a18f199b388f15f7ceb8cc7eee4f1ca6", kill_on_drop: false }`
[INFO] [stdout] 7e8b5015f3724eeaeab71607fccc7be8a18f199b388f15f7ceb8cc7eee4f1ca6
[INFO] running `Command { std: "docker" "create" "-v" "/var/lib/crater-agent-workspace/builds/worker-7/target:/opt/rustwide/target:rw,Z" "-v" "/var/lib/crater-agent-workspace/builds/worker-7/source:/opt/rustwide/workdir:ro,Z" "-v" "/var/lib/crater-agent-workspace/cargo-home:/opt/rustwide/cargo-home:ro,Z" "-v" "/var/lib/crater-agent-workspace/rustup-home:/opt/rustwide/rustup-home:ro,Z" "-e" "SOURCE_DIR=/opt/rustwide/workdir" "-e" "CARGO_TARGET_DIR=/opt/rustwide/target" "-e" "CARGO_INCREMENTAL=0" "-e" "RUST_BACKTRACE=full" "-e" "RUSTFLAGS=--cap-lints=forbid" "-e" "CARGO_HOME=/opt/rustwide/cargo-home" "-e" "RUSTUP_HOME=/opt/rustwide/rustup-home" "-w" "/opt/rustwide/workdir" "-m" "1610612736" "--user" "0:0" "--network" "none" "rustops/crates-build-env@sha256:d92eaeed33fa75130ca1ee6c8a01d1ffb62bac859dfdfb3450e3e5d1c0146529" "/opt/rustwide/cargo-home/bin/cargo" "+af3c6e733a40e671550e0f0f5aeecaa13772ba56" "check" "--frozen" "--all" "--all-targets" "--message-format=json", kill_on_drop: false }`
[INFO] [stderr] WARNING: Your kernel does not support swap limit capabilities or the cgroup is not mounted. Memory limited without swap.
[INFO] [stdout] ebb867f643b08f43af315397d20cc67d70f9459a48825b81e9f1fcad92d1762c
[INFO] running `Command { std: "docker" "start" "-a" "ebb867f643b08f43af315397d20cc67d70f9459a48825b81e9f1fcad92d1762c", kill_on_drop: false }`
[INFO] [stderr]    Compiling libc v0.2.74
[INFO] [stderr]    Compiling bitflags v1.2.1
[INFO] [stderr]    Compiling typenum v1.12.0
[INFO] [stderr]    Compiling winapi-build v0.1.1
[INFO] [stderr]    Compiling winapi v0.3.9
[INFO] [stderr]    Compiling ntapi v0.3.4
[INFO] [stderr]     Checking winapi v0.2.8
[INFO] [stderr]     Checking slice-pool v0.4.1
[INFO] [stderr]     Checking lazy_static v1.4.0
[INFO] [stderr]     Checking cfg-if v0.1.10
[INFO] [stderr]    Compiling libudis86-sys v0.2.1
[INFO] [stderr]    Compiling kernel32-sys v0.2.2
[INFO] [stderr]     Checking mmap-fixed v0.1.5
[INFO] [stderr]     Checking region v2.2.0
[INFO] [stderr]     Checking generic-array v0.13.2
[INFO] [stderr]     Checking detour v0.7.1
[INFO] [stderr]     Checking ifeo_bypass v0.1.0 (/opt/rustwide/workdir)
[INFO] [stdout] error[E0433]: failed to resolve: could not find `shared` in `winapi`
[INFO] [stdout]   --> src/main.rs:14:13
[INFO] [stdout]    |
[INFO] [stdout] 14 | use winapi::shared::minwindef::TRUE;
[INFO] [stdout]    |             ^^^^^^ could not find `shared` in `winapi`
[INFO] [stdout] 
[INFO] [stdout] 
[INFO] [stdout] error[E0433]: failed to resolve: could not find `um` in `winapi`
[INFO] [stdout]   --> src/main.rs:15:13
[INFO] [stdout]    |
[INFO] [stdout] 15 | use winapi::um::winnt::ACCESS_MASK;
[INFO] [stdout]    |             ^^ could not find `um` in `winapi`
[INFO] [stdout] 
[INFO] [stdout] 
[INFO] [stdout] error[E0433]: failed to resolve: could not find `shared` in `winapi`
[INFO] [stdout]   --> src/main.rs:16:13
[INFO] [stdout]    |
[INFO] [stdout] 16 | use winapi::shared::ntdef::{PHANDLE, POBJECT_ATTRIBUTES, ULONG, PVOID, NTSTATUS};
[INFO] [stdout]    |             ^^^^^^ could not find `shared` in `winapi`
[INFO] [stdout] 
[INFO] [stdout] 
[INFO] [stdout] error[E0432]: unresolved imports `kernel32::GetModuleHandleW`, `kernel32::GetProcAddress`
[INFO] [stdout]   --> src/main.rs:11:16
[INFO] [stdout]    |
[INFO] [stdout] 11 | use kernel32::{GetModuleHandleW, GetProcAddress};
[INFO] [stdout]    |                ^^^^^^^^^^^^^^^^  ^^^^^^^^^^^^^^ no `GetProcAddress` in the root
[INFO] [stdout]    |                |
[INFO] [stdout]    |                no `GetModuleHandleW` in the root
[INFO] [stdout] 
[INFO] [stdout] 
[INFO] [stdout] error[E0432]: unresolved import `ntapi::ntpsapi`
[INFO] [stdout]   --> src/main.rs:17:12
[INFO] [stdout]    |
[INFO] [stdout] 17 | use ntapi::ntpsapi::{PPS_CREATE_INFO, PPS_ATTRIBUTE_LIST, PsCreateInitialState};
[INFO] [stdout]    |            ^^^^^^^ could not find `ntpsapi` in `ntapi`
[INFO] [stdout] 
[INFO] [stdout] 
[INFO] [stdout] error[E0433]: failed to resolve: could not find `shared` in `winapi`
[INFO] [stdout]   --> src/main.rs:14:13
[INFO] [stdout]    |
[INFO] [stdout] 14 | use winapi::shared::minwindef::TRUE;
[INFO] [stdout]    |             ^^^^^^ could not find `shared` in `winapi`
[INFO] [stdout] 
[INFO] [stdout] 
[INFO] [stdout] error[E0433]: failed to resolve: could not find `um` in `winapi`
[INFO] [stdout]   --> src/main.rs:15:13
[INFO] [stdout]    |
[INFO] [stdout] 15 | use winapi::um::winnt::ACCESS_MASK;
[INFO] [stdout]    |             ^^ could not find `um` in `winapi`
[INFO] [stdout] 
[INFO] [stdout] 
[INFO] [stdout] error[E0433]: failed to resolve: could not find `shared` in `winapi`
[INFO] [stdout]   --> src/main.rs:16:13
[INFO] [stdout]    |
[INFO] [stdout] 16 | use winapi::shared::ntdef::{PHANDLE, POBJECT_ATTRIBUTES, ULONG, PVOID, NTSTATUS};
[INFO] [stdout]    |             ^^^^^^ could not find `shared` in `winapi`
[INFO] [stdout] 
[INFO] [stdout] 
[INFO] [stdout] error[E0432]: unresolved imports `kernel32::GetModuleHandleW`, `kernel32::GetProcAddress`
[INFO] [stdout]   --> src/main.rs:11:16
[INFO] [stdout]    |
[INFO] [stdout] 11 | use kernel32::{GetModuleHandleW, GetProcAddress};
[INFO] [stdout]    |                ^^^^^^^^^^^^^^^^  ^^^^^^^^^^^^^^ no `GetProcAddress` in the root
[INFO] [stdout]    |                |
[INFO] [stdout]    |                no `GetModuleHandleW` in the root
[INFO] [stdout] 
[INFO] [stdout] 
[INFO] [stdout] error[E0432]: unresolved import `ntapi::ntpsapi`
[INFO] [stdout]   --> src/main.rs:17:12
[INFO] [stdout]    |
[INFO] [stdout] 17 | use ntapi::ntpsapi::{PPS_CREATE_INFO, PPS_ATTRIBUTE_LIST, PsCreateInitialState};
[INFO] [stdout]    |            ^^^^^^^ could not find `ntpsapi` in `ntapi`
[INFO] [stdout] 
[INFO] [stdout] 
[INFO] [stdout] error[E0412]: cannot find type `PHANDLE` in this scope
[INFO] [stdout]   --> src/main.rs:21:5
[INFO] [stdout]    |
[INFO] [stdout] 21 |     PHANDLE, PHANDLE,
[INFO] [stdout]    |     ^^^^^^^ not found in this scope
[INFO] [stdout] 
[INFO] [stdout] 
[INFO] [stdout] error[E0412]: cannot find type `PHANDLE` in this scope
[INFO] [stdout]   --> src/main.rs:21:14
[INFO] [stdout]    |
[INFO] [stdout] 21 |     PHANDLE, PHANDLE,
[INFO] [stdout]    |              ^^^^^^^ not found in this scope
[INFO] [stdout] 
[INFO] [stdout] 
[INFO] [stdout] error[E0412]: cannot find type `ACCESS_MASK` in this scope
[INFO] [stdout]   --> src/main.rs:22:5
[INFO] [stdout]    |
[INFO] [stdout] 22 |     ACCESS_MASK, ACCESS_MASK,
[INFO] [stdout]    |     ^^^^^^^^^^^ not found in this scope
[INFO] [stdout] 
[INFO] [stdout] 
[INFO] [stdout] error[E0412]: cannot find type `ACCESS_MASK` in this scope
[INFO] [stdout]   --> src/main.rs:22:18
[INFO] [stdout]    |
[INFO] [stdout] 22 |     ACCESS_MASK, ACCESS_MASK,
[INFO] [stdout]    |                  ^^^^^^^^^^^ not found in this scope
[INFO] [stdout] 
[INFO] [stdout] 
[INFO] [stdout] error[E0412]: cannot find type `POBJECT_ATTRIBUTES` in this scope
[INFO] [stdout]   --> src/main.rs:23:5
[INFO] [stdout]    |
[INFO] [stdout] 23 |     POBJECT_ATTRIBUTES, POBJECT_ATTRIBUTES,
[INFO] [stdout]    |     ^^^^^^^^^^^^^^^^^^ not found in this scope
[INFO] [stdout] 
[INFO] [stdout] 
[INFO] [stdout] error[E0412]: cannot find type `POBJECT_ATTRIBUTES` in this scope
[INFO] [stdout]   --> src/main.rs:23:25
[INFO] [stdout]    |
[INFO] [stdout] 23 |     POBJECT_ATTRIBUTES, POBJECT_ATTRIBUTES,
[INFO] [stdout]    |                         ^^^^^^^^^^^^^^^^^^ not found in this scope
[INFO] [stdout] 
[INFO] [stdout] 
[INFO] [stdout] error[E0412]: cannot find type `ULONG` in this scope
[INFO] [stdout]   --> src/main.rs:24:5
[INFO] [stdout]    |
[INFO] [stdout] 24 |     ULONG, ULONG,
[INFO] [stdout]    |     ^^^^^ not found in this scope
[INFO] [stdout] 
[INFO] [stdout] 
[INFO] [stdout] error[E0412]: cannot find type `ULONG` in this scope
[INFO] [stdout]   --> src/main.rs:24:12
[INFO] [stdout]    |
[INFO] [stdout] 24 |     ULONG, ULONG,
[INFO] [stdout]    |            ^^^^^ not found in this scope
[INFO] [stdout] 
[INFO] [stdout] 
[INFO] [stdout] error[E0412]: cannot find type `PVOID` in this scope
[INFO] [stdout]   --> src/main.rs:25:5
[INFO] [stdout]    |
[INFO] [stdout] 25 |     PVOID,
[INFO] [stdout]    |     ^^^^^ not found in this scope
[INFO] [stdout] 
[INFO] [stdout] 
[INFO] [stdout] error[E0412]: cannot find type `NTSTATUS` in this scope
[INFO] [stdout]   --> src/main.rs:28:8
[INFO] [stdout]    |
[INFO] [stdout] 28 |   ) -> NTSTATUS;
[INFO] [stdout]    |        ^^^^^^^^ not found in this scope
[INFO] [stdout] 
[INFO] [stdout] 
[INFO] [stdout] error[E0412]: cannot find type `PHANDLE` in this scope
[INFO] [stdout]   --> src/main.rs:32:3
[INFO] [stdout]    |
[INFO] [stdout] 32 |   PHANDLE, PHANDLE,
[INFO] [stdout]    |   ^^^^^^^ not found in this scope
[INFO] [stdout] 
[INFO] [stdout] 
[INFO] [stdout] error[E0412]: cannot find type `PHANDLE` in this scope
[INFO] [stdout]   --> src/main.rs:32:12
[INFO] [stdout]    |
[INFO] [stdout] 32 |   PHANDLE, PHANDLE,
[INFO] [stdout]    |            ^^^^^^^ not found in this scope
[INFO] [stdout] 
[INFO] [stdout] 
[INFO] [stdout] error[E0412]: cannot find type `ACCESS_MASK` in this scope
[INFO] [stdout]   --> src/main.rs:33:3
[INFO] [stdout]    |
[INFO] [stdout] 33 |   ACCESS_MASK, ACCESS_MASK,
[INFO] [stdout]    |   ^^^^^^^^^^^ not found in this scope
[INFO] [stdout] 
[INFO] [stdout] 
[INFO] [stdout] error[E0412]: cannot find type `ACCESS_MASK` in this scope
[INFO] [stdout]   --> src/main.rs:33:16
[INFO] [stdout]    |
[INFO] [stdout] 33 |   ACCESS_MASK, ACCESS_MASK,
[INFO] [stdout]    |                ^^^^^^^^^^^ not found in this scope
[INFO] [stdout] 
[INFO] [stdout] 
[INFO] [stdout] error[E0412]: cannot find type `POBJECT_ATTRIBUTES` in this scope
[INFO] [stdout]   --> src/main.rs:34:3
[INFO] [stdout]    |
[INFO] [stdout] 34 |   POBJECT_ATTRIBUTES, POBJECT_ATTRIBUTES,
[INFO] [stdout]    |   ^^^^^^^^^^^^^^^^^^ not found in this scope
[INFO] [stdout] 
[INFO] [stdout] 
[INFO] [stdout] error[E0412]: cannot find type `POBJECT_ATTRIBUTES` in this scope
[INFO] [stdout]   --> src/main.rs:34:23
[INFO] [stdout]    |
[INFO] [stdout] 34 |   POBJECT_ATTRIBUTES, POBJECT_ATTRIBUTES,
[INFO] [stdout]    |                       ^^^^^^^^^^^^^^^^^^ not found in this scope
[INFO] [stdout] 
[INFO] [stdout] 
[INFO] [stdout] error[E0412]: cannot find type `ULONG` in this scope
[INFO] [stdout]   --> src/main.rs:35:3
[INFO] [stdout]    |
[INFO] [stdout] 35 |   ULONG, ULONG,
[INFO] [stdout]    |   ^^^^^ not found in this scope
[INFO] [stdout] 
[INFO] [stdout] 
[INFO] [stdout] error[E0412]: cannot find type `ULONG` in this scope
[INFO] [stdout]   --> src/main.rs:35:10
[INFO] [stdout]    |
[INFO] [stdout] 35 |   ULONG, ULONG,
[INFO] [stdout]    |          ^^^^^ not found in this scope
[INFO] [stdout] 
[INFO] [stdout] 
[INFO] [stdout] error[E0412]: cannot find type `PVOID` in this scope
[INFO] [stdout]   --> src/main.rs:36:3
[INFO] [stdout]    |
[INFO] [stdout] 36 |   PVOID,
[INFO] [stdout]    |   ^^^^^ not found in this scope
[INFO] [stdout] 
[INFO] [stdout] 
[INFO] [stdout] error[E0412]: cannot find type `NTSTATUS` in this scope
[INFO] [stdout]   --> src/main.rs:39:6
[INFO] [stdout]    |
[INFO] [stdout] 39 | ) -> NTSTATUS;
[INFO] [stdout]    |      ^^^^^^^^ not found in this scope
[INFO] [stdout] 
[INFO] [stdout] 
[INFO] [stdout] error[E0412]: cannot find type `PHANDLE` in this scope
[INFO] [stdout]   --> src/main.rs:68:18
[INFO] [stdout]    |
[INFO] [stdout] 68 |   ProcessHandle: PHANDLE, 
[INFO] [stdout]    |                  ^^^^^^^ not found in this scope
[INFO] [stdout] 
[INFO] [stdout] 
[INFO] [stdout] error[E0412]: cannot find type `PHANDLE` in this scope
[INFO] [stdout]   --> src/main.rs:69:17
[INFO] [stdout]    |
[INFO] [stdout] 69 |   ThreadHandle: PHANDLE, 
[INFO] [stdout]    |                 ^^^^^^^ not found in this scope
[INFO] [stdout] 
[INFO] [stdout] 
[INFO] [stdout] error[E0412]: cannot find type `ACCESS_MASK` in this scope
[INFO] [stdout]   --> src/main.rs:70:25
[INFO] [stdout]    |
[INFO] [stdout] 70 |   ProcessDesiredAccess: ACCESS_MASK, 
[INFO] [stdout]    |                         ^^^^^^^^^^^ not found in this scope
[INFO] [stdout] 
[INFO] [stdout] 
[INFO] [stdout] error[E0412]: cannot find type `ACCESS_MASK` in this scope
[INFO] [stdout]   --> src/main.rs:71:24
[INFO] [stdout]    |
[INFO] [stdout] 71 |   ThreadDesiredAccess: ACCESS_MASK, 
[INFO] [stdout]    |                        ^^^^^^^^^^^ not found in this scope
[INFO] [stdout] 
[INFO] [stdout] 
[INFO] [stdout] error[E0412]: cannot find type `POBJECT_ATTRIBUTES` in this scope
[INFO] [stdout]   --> src/main.rs:72:28
[INFO] [stdout]    |
[INFO] [stdout] 72 |   ProcessObjectAttributes: POBJECT_ATTRIBUTES, 
[INFO] [stdout]    |                            ^^^^^^^^^^^^^^^^^^ not found in this scope
[INFO] [stdout] 
[INFO] [stdout] 
[INFO] [stdout] error[E0412]: cannot find type `POBJECT_ATTRIBUTES` in this scope
[INFO] [stdout]   --> src/main.rs:73:27
[INFO] [stdout]    |
[INFO] [stdout] 73 |   ThreadObjectAttributes: POBJECT_ATTRIBUTES, 
[INFO] [stdout]    |                           ^^^^^^^^^^^^^^^^^^ not found in this scope
[INFO] [stdout] 
[INFO] [stdout] 
[INFO] [stdout] error[E0412]: cannot find type `ULONG` in this scope
[INFO] [stdout]   --> src/main.rs:74:17
[INFO] [stdout]    |
[INFO] [stdout] 74 |   ProcessFlags: ULONG, 
[INFO] [stdout]    |                 ^^^^^ not found in this scope
[INFO] [stdout] 
[INFO] [stdout] 
[INFO] [stdout] error[E0412]: cannot find type `ULONG` in this scope
[INFO] [stdout]   --> src/main.rs:75:16
[INFO] [stdout]    |
[INFO] [stdout] 75 |   ThreadFlags: ULONG, 
[INFO] [stdout]    |                ^^^^^ not found in this scope
[INFO] [stdout] 
[INFO] [stdout] 
[INFO] [stdout] error[E0412]: cannot find type `PVOID` in this scope
[INFO] [stdout]   --> src/main.rs:76:22
[INFO] [stdout]    |
[INFO] [stdout] 76 |   ProcessParameters: PVOID, 
[INFO] [stdout]    |                      ^^^^^ not found in this scope
[INFO] [stdout] 
[INFO] [stdout] 
[INFO] [stdout] error[E0412]: cannot find type `NTSTATUS` in this scope
[INFO] [stdout]   --> src/main.rs:79:6
[INFO] [stdout]    |
[INFO] [stdout] 79 | ) -> NTSTATUS {
[INFO] [stdout]    |      ^^^^^^^^ not found in this scope
[INFO] [stdout] 
[INFO] [stdout] 
[INFO] [stdout] error[E0425]: cannot find value `TRUE` in this scope
[INFO] [stdout]   --> src/main.rs:82:54
[INFO] [stdout]    |
[INFO] [stdout] 82 |       (*CreateInfo).u.InitState.set_IFEOSkipDebugger(TRUE as ULONG);
[INFO] [stdout]    |                                                      ^^^^ not found in this scope
[INFO] [stdout] 
[INFO] [stdout] 
[INFO] [stdout] error[E0412]: cannot find type `ULONG` in this scope
[INFO] [stdout]   --> src/main.rs:82:62
[INFO] [stdout]    |
[INFO] [stdout] 82 |       (*CreateInfo).u.InitState.set_IFEOSkipDebugger(TRUE as ULONG);
[INFO] [stdout]    |                                                              ^^^^^ not found in this scope
[INFO] [stdout] 
[INFO] [stdout] 
[INFO] [stdout] error[E0412]: cannot find type `PHANDLE` in this scope
[INFO] [stdout]   --> src/main.rs:21:5
[INFO] [stdout]    |
[INFO] [stdout] 21 |     PHANDLE, PHANDLE,
[INFO] [stdout]    |     ^^^^^^^ not found in this scope
[INFO] [stdout] 
[INFO] [stdout] 
[INFO] [stdout] error[E0412]: cannot find type `PHANDLE` in this scope
[INFO] [stdout]   --> src/main.rs:21:14
[INFO] [stdout]    |
[INFO] [stdout] 21 |     PHANDLE, PHANDLE,
[INFO] [stdout]    |              ^^^^^^^ not found in this scope
[INFO] [stdout] 
[INFO] [stdout] 
[INFO] [stdout] error[E0412]: cannot find type `ACCESS_MASK` in this scope
[INFO] [stdout]   --> src/main.rs:22:5
[INFO] [stdout]    |
[INFO] [stdout] 22 |     ACCESS_MASK, ACCESS_MASK,
[INFO] [stdout]    |     ^^^^^^^^^^^ not found in this scope
[INFO] [stdout] 
[INFO] [stdout] 
[INFO] [stdout] error[E0412]: cannot find type `ACCESS_MASK` in this scope
[INFO] [stdout]   --> src/main.rs:22:18
[INFO] [stdout]    |
[INFO] [stdout] 22 |     ACCESS_MASK, ACCESS_MASK,
[INFO] [stdout]    |                  ^^^^^^^^^^^ not found in this scope
[INFO] [stdout] 
[INFO] [stdout] 
[INFO] [stdout] error[E0412]: cannot find type `POBJECT_ATTRIBUTES` in this scope
[INFO] [stdout]   --> src/main.rs:23:5
[INFO] [stdout]    |
[INFO] [stdout] 23 |     POBJECT_ATTRIBUTES, POBJECT_ATTRIBUTES,
[INFO] [stdout]    |     ^^^^^^^^^^^^^^^^^^ not found in this scope
[INFO] [stdout] 
[INFO] [stdout] 
[INFO] [stdout] error[E0412]: cannot find type `POBJECT_ATTRIBUTES` in this scope
[INFO] [stdout]   --> src/main.rs:23:25
[INFO] [stdout]    |
[INFO] [stdout] 23 |     POBJECT_ATTRIBUTES, POBJECT_ATTRIBUTES,
[INFO] [stdout]    |                         ^^^^^^^^^^^^^^^^^^ not found in this scope
[INFO] [stdout] 
[INFO] [stdout] 
[INFO] [stdout] error[E0412]: cannot find type `ULONG` in this scope
[INFO] [stdout]   --> src/main.rs:24:5
[INFO] [stdout]    |
[INFO] [stdout] 24 |     ULONG, ULONG,
[INFO] [stdout]    |     ^^^^^ not found in this scope
[INFO] [stdout] 
[INFO] [stdout] 
[INFO] [stdout] error[E0412]: cannot find type `ULONG` in this scope
[INFO] [stdout]   --> src/main.rs:24:12
[INFO] [stdout]    |
[INFO] [stdout] 24 |     ULONG, ULONG,
[INFO] [stdout]    |            ^^^^^ not found in this scope
[INFO] [stdout] 
[INFO] [stdout] 
[INFO] [stdout] error[E0412]: cannot find type `PVOID` in this scope
[INFO] [stdout]   --> src/main.rs:25:5
[INFO] [stdout]    |
[INFO] [stdout] 25 |     PVOID,
[INFO] [stdout]    |     ^^^^^ not found in this scope
[INFO] [stdout] 
[INFO] [stdout] 
[INFO] [stdout] error[E0412]: cannot find type `NTSTATUS` in this scope
[INFO] [stdout]   --> src/main.rs:28:8
[INFO] [stdout]    |
[INFO] [stdout] 28 |   ) -> NTSTATUS;
[INFO] [stdout]    |        ^^^^^^^^ not found in this scope
[INFO] [stdout] 
[INFO] [stdout] 
[INFO] [stdout] error[E0412]: cannot find type `PHANDLE` in this scope
[INFO] [stdout]   --> src/main.rs:32:3
[INFO] [stdout]    |
[INFO] [stdout] 32 |   PHANDLE, PHANDLE,
[INFO] [stdout]    |   ^^^^^^^ not found in this scope
[INFO] [stdout] 
[INFO] [stdout] 
[INFO] [stdout] error[E0412]: cannot find type `PHANDLE` in this scope
[INFO] [stdout]   --> src/main.rs:32:12
[INFO] [stdout]    |
[INFO] [stdout] 32 |   PHANDLE, PHANDLE,
[INFO] [stdout]    |            ^^^^^^^ not found in this scope
[INFO] [stdout] 
[INFO] [stdout] 
[INFO] [stdout] error[E0412]: cannot find type `ACCESS_MASK` in this scope
[INFO] [stdout]   --> src/main.rs:33:3
[INFO] [stdout]    |
[INFO] [stdout] 33 |   ACCESS_MASK, ACCESS_MASK,
[INFO] [stdout]    |   ^^^^^^^^^^^ not found in this scope
[INFO] [stdout] 
[INFO] [stdout] 
[INFO] [stdout] error[E0412]: cannot find type `ACCESS_MASK` in this scope
[INFO] [stdout]   --> src/main.rs:33:16
[INFO] [stdout]    |
[INFO] [stdout] 33 |   ACCESS_MASK, ACCESS_MASK,
[INFO] [stdout]    |                ^^^^^^^^^^^ not found in this scope
[INFO] [stdout] 
[INFO] [stdout] 
[INFO] [stdout] error[E0412]: cannot find type `POBJECT_ATTRIBUTES` in this scope
[INFO] [stdout]   --> src/main.rs:34:3
[INFO] [stdout]    |
[INFO] [stdout] 34 |   POBJECT_ATTRIBUTES, POBJECT_ATTRIBUTES,
[INFO] [stdout]    |   ^^^^^^^^^^^^^^^^^^ not found in this scope
[INFO] [stdout] 
[INFO] [stdout] 
[INFO] [stdout] error[E0412]: cannot find type `POBJECT_ATTRIBUTES` in this scope
[INFO] [stdout]   --> src/main.rs:34:23
[INFO] [stdout]    |
[INFO] [stdout] 34 |   POBJECT_ATTRIBUTES, POBJECT_ATTRIBUTES,
[INFO] [stdout]    |                       ^^^^^^^^^^^^^^^^^^ not found in this scope
[INFO] [stdout] 
[INFO] [stdout] 
[INFO] [stdout] error[E0412]: cannot find type `ULONG` in this scope
[INFO] [stdout]   --> src/main.rs:35:3
[INFO] [stdout]    |
[INFO] [stdout] 35 |   ULONG, ULONG,
[INFO] [stdout]    |   ^^^^^ not found in this scope
[INFO] [stdout] 
[INFO] [stdout] 
[INFO] [stdout] error[E0412]: cannot find type `ULONG` in this scope
[INFO] [stdout]   --> src/main.rs:35:10
[INFO] [stdout]    |
[INFO] [stdout] 35 |   ULONG, ULONG,
[INFO] [stdout]    |          ^^^^^ not found in this scope
[INFO] [stdout] 
[INFO] [stdout] 
[INFO] [stdout] error[E0412]: cannot find type `PVOID` in this scope
[INFO] [stdout]   --> src/main.rs:36:3
[INFO] [stdout]    |
[INFO] [stdout] 36 |   PVOID,
[INFO] [stdout]    |   ^^^^^ not found in this scope
[INFO] [stdout] 
[INFO] [stdout] 
[INFO] [stdout] error[E0412]: cannot find type `NTSTATUS` in this scope
[INFO] [stdout]   --> src/main.rs:39:6
[INFO] [stdout]    |
[INFO] [stdout] 39 | ) -> NTSTATUS;
[INFO] [stdout]    |      ^^^^^^^^ not found in this scope
[INFO] [stdout] 
[INFO] [stdout] 
[INFO] [stdout] error[E0412]: cannot find type `PHANDLE` in this scope
[INFO] [stdout]   --> src/main.rs:68:18
[INFO] [stdout]    |
[INFO] [stdout] 68 |   ProcessHandle: PHANDLE, 
[INFO] [stdout]    |                  ^^^^^^^ not found in this scope
[INFO] [stdout] 
[INFO] [stdout] 
[INFO] [stdout] error[E0412]: cannot find type `PHANDLE` in this scope
[INFO] [stdout]   --> src/main.rs:69:17
[INFO] [stdout]    |
[INFO] [stdout] 69 |   ThreadHandle: PHANDLE, 
[INFO] [stdout]    |                 ^^^^^^^ not found in this scope
[INFO] [stdout] 
[INFO] [stdout] 
[INFO] [stdout] error[E0412]: cannot find type `ACCESS_MASK` in this scope
[INFO] [stdout]   --> src/main.rs:70:25
[INFO] [stdout]    |
[INFO] [stdout] 70 |   ProcessDesiredAccess: ACCESS_MASK, 
[INFO] [stdout]    |                         ^^^^^^^^^^^ not found in this scope
[INFO] [stdout] 
[INFO] [stdout] 
[INFO] [stdout] error[E0412]: cannot find type `ACCESS_MASK` in this scope
[INFO] [stdout]   --> src/main.rs:71:24
[INFO] [stdout]    |
[INFO] [stdout] 71 |   ThreadDesiredAccess: ACCESS_MASK, 
[INFO] [stdout]    |                        ^^^^^^^^^^^ not found in this scope
[INFO] [stdout] 
[INFO] [stdout] 
[INFO] [stdout] error[E0412]: cannot find type `POBJECT_ATTRIBUTES` in this scope
[INFO] [stdout]   --> src/main.rs:72:28
[INFO] [stdout]    |
[INFO] [stdout] 72 |   ProcessObjectAttributes: POBJECT_ATTRIBUTES, 
[INFO] [stdout]    |                            ^^^^^^^^^^^^^^^^^^ not found in this scope
[INFO] [stdout] 
[INFO] [stdout] 
[INFO] [stdout] error[E0412]: cannot find type `POBJECT_ATTRIBUTES` in this scope
[INFO] [stdout]   --> src/main.rs:73:27
[INFO] [stdout]    |
[INFO] [stdout] 73 |   ThreadObjectAttributes: POBJECT_ATTRIBUTES, 
[INFO] [stdout]    |                           ^^^^^^^^^^^^^^^^^^ not found in this scope
[INFO] [stdout] 
[INFO] [stdout] 
[INFO] [stdout] error[E0412]: cannot find type `ULONG` in this scope
[INFO] [stdout]   --> src/main.rs:74:17
[INFO] [stdout]    |
[INFO] [stdout] 74 |   ProcessFlags: ULONG, 
[INFO] [stdout]    |                 ^^^^^ not found in this scope
[INFO] [stdout] 
[INFO] [stdout] 
[INFO] [stdout] error[E0412]: cannot find type `ULONG` in this scope
[INFO] [stdout]   --> src/main.rs:75:16
[INFO] [stdout]    |
[INFO] [stdout] 75 |   ThreadFlags: ULONG, 
[INFO] [stdout]    |                ^^^^^ not found in this scope
[INFO] [stdout] 
[INFO] [stdout] 
[INFO] [stdout] error[E0412]: cannot find type `PVOID` in this scope
[INFO] [stdout]   --> src/main.rs:76:22
[INFO] [stdout]    |
[INFO] [stdout] 76 |   ProcessParameters: PVOID, 
[INFO] [stdout]    |                      ^^^^^ not found in this scope
[INFO] [stdout] 
[INFO] [stdout] 
[INFO] [stdout] error[E0412]: cannot find type `NTSTATUS` in this scope
[INFO] [stdout]   --> src/main.rs:79:6
[INFO] [stdout]    |
[INFO] [stdout] 79 | ) -> NTSTATUS {
[INFO] [stdout]    |      ^^^^^^^^ not found in this scope
[INFO] [stdout] 
[INFO] [stdout] 
[INFO] [stdout] error[E0425]: cannot find value `TRUE` in this scope
[INFO] [stdout]   --> src/main.rs:82:54
[INFO] [stdout]    |
[INFO] [stdout] 82 |       (*CreateInfo).u.InitState.set_IFEOSkipDebugger(TRUE as ULONG);
[INFO] [stdout]    |                                                      ^^^^ not found in this scope
[INFO] [stdout] 
[INFO] [stdout] 
[INFO] [stdout] error[E0412]: cannot find type `ULONG` in this scope
[INFO] [stdout]   --> src/main.rs:82:62
[INFO] [stdout]    |
[INFO] [stdout] 82 |       (*CreateInfo).u.InitState.set_IFEOSkipDebugger(TRUE as ULONG);
[INFO] [stdout]    |                                                              ^^^^^ not found in this scope
[INFO] [stdout] 
[INFO] [stdout] 
[INFO] [stdout] error: aborting due to 37 previous errors
[INFO] [stdout] 
[INFO] [stdout] 
[INFO] [stdout] Some errors have detailed explanations: E0412, E0425, E0432, E0433.
[INFO] [stdout] 
[INFO] [stdout] For more information about an error, try `rustc --explain E0412`.
[INFO] [stdout] 
[INFO] [stdout] error: aborting due to 37 previous errors
[INFO] [stdout] 
[INFO] [stdout] 
[INFO] [stdout] Some errors have detailed explanations: E0412, E0425, E0432, E0433.
[INFO] [stdout] 
[INFO] [stdout] For more information about an error, try `rustc --explain E0412`.
[INFO] [stdout] 
[INFO] [stderr] error: could not compile `ifeo_bypass`.
[INFO] [stderr] 
[INFO] [stderr] To learn more, run the command again with --verbose.
[INFO] [stderr] warning: build failed, waiting for other jobs to finish...
[INFO] [stderr] error: build failed
[INFO] running `Command { std: "docker" "inspect" "ebb867f643b08f43af315397d20cc67d70f9459a48825b81e9f1fcad92d1762c", kill_on_drop: false }`
[INFO] running `Command { std: "docker" "rm" "-f" "ebb867f643b08f43af315397d20cc67d70f9459a48825b81e9f1fcad92d1762c", kill_on_drop: false }`
[INFO] [stdout] ebb867f643b08f43af315397d20cc67d70f9459a48825b81e9f1fcad92d1762c
